et a = 98 - -67. Calculate the highest common factor of 60 and a.
15
Suppose 5*r + 2684 = 3*t, 4*r + 264 - 1187 = -t. Calculate the greatest common divisor of t and 21.
21
Let q be (-14 - (-5 - -11))*-10. Calculate the greatest common factor of 20 and q.
20
Let m(b) = -b**3 + 2*b**2 + 3*b. Let h be m(5). Let l be (6/4)/((-18)/h). Calculate the greatest common divisor of 1 and l.
1
Let l = 10753 + -10643. Let q = 18 - 13. Suppose -q*k + 2*p - 5*p + 56 = 0, k + 4*p = 18. Calculate the highest common factor of l and k.
10
Let i = 5 - -7. Let b(r) = 15*r + 2 + 2 - 4*r + 1. Let y be b(5). What is the greatest common factor of y and i?
12
Let x = -76 + 38. Let w = x + 74. What is the greatest common factor of 180 and w?
36
Let t(f) = -f**3 + 4*f**2 + 4*f + 2. Let s be t(5). Let x be (s - -74) + -1*2. What is the greatest common factor of x and 23?
23
Let v(r) = r**2 - r - 4. Let w be v(3). Let m be 36/(-8 + 4 - -6). What is the greatest common factor of w and m?
2
Let s(w) = -w**3 - 24*w**2 + 25*w + 18. Let t be s(-25). Calculate the greatest common divisor of 315 and t.
9
Let j = -8 + 4. Let m be 2/(-11) - 237/(-33). Let v be (-101)/j + m/(-28). Calculate the highest common factor of v and 10.
5
Suppose 4*j = h - 11, h + h - j = 29. Calculate the greatest common divisor of h and 10.
5
Let i be ((-1464)/60)/((-2)/410). What is the greatest common divisor of 82 and i?
82
Let j = 193 - -446. What is the highest common divisor of 18 and j?
9
Let p = -130 - -132. Suppose 0 = -4*q + 4*h + 768, 0 = -p*q + 4*q + h - 378. Calculate the greatest common factor of q and 38.
38
Suppose 3*a + 2*q = 7*q + 139, 0 = -a - q + 49. Let o be 3 - (0 + (0 - -3)). Suppose o = 2*d - 108 - 132. What is the greatest common divisor of d and a?
24
Suppose 0 = -a - q, 6 = a - 2*q + q. Let f(n) = 2*n + 2*n - 7*n. Let b be f(-4). Calculate the highest common divisor of a and b.
3
Let n be ((-213)/12 - 5)/(2/(-16)). Suppose -h = -25 - n. What is the highest common divisor of 23 and h?
23
Let v(k) = -132*k - 875. Let g be v(-15). What is the highest common divisor of g and 26?
13
Let o = -1060 - -1081. What is the highest common factor of o and 301?
7
Suppose 2*s - 17 = -m + 1, 4*s = -4*m + 56. What is the greatest common factor of 50 and m?
10
Let n(c) = 115*c**2 - 7*c - 4. Let b be n(2). Calculate the highest common factor of 26 and b.
26
Suppose -1 - 2 = i. Let o = 89 + i. Suppose -5*d - 4*f + o = 0, -6*d + 4*d - 3*f = -40. What is the highest common divisor of d and 84?
14
Suppose 7 = 3*c - 8. Suppose 3*f - m - 7 = f, -c = -5*m. Suppose -4*u = 5*p - 0*p - 5, -4*p + 40 = -f*u. Calculate the greatest common divisor of 10 and p.
5
Let c(g) = -4*g + 7. Let i be c(4). Let q(r) = r**2 + 10*r + 15. Let o be q(i). Calculate the greatest common factor of o and 42.
6
Suppose 10*q - 4 = 16. What is the highest common divisor of q and 22?
2
Let b = 675 - 399. Suppose -3*j + o + 0*o + b = 0, 3*j - 270 = -o. What is the highest common divisor of j and 7?
7
Suppose 0 = -d + 2*d - 100. Let x(b) = -3 + 0 + 12*b - 40*b. Let r be x(-1). What is the highest common divisor of d and r?
25
Let t(b) = 22*b + 57. Let o be t(-2). What is the greatest common factor of o and 325?
13
Let o be (5400/10 - -5) + 5. Calculate the highest common factor of o and 220.
110
Let x = 29 + -29. Let h = 12 + x. What is the highest common factor of h and 132?
12
Let q(f) = -f**2 - 10*f - 5. Let l(r) = r + 1. Let g be l(-9). Let k be q(g). Let n = 132 - 44. What is the highest common factor of k and n?
11
Suppose 2*b - 3*b + 60 = 0. Suppose 7*g - b = 5*g. Suppose -3*d + 3*f = 2*f - g, 0 = -3*d - f + 36. What is the greatest common divisor of 11 and d?
11
Let l = -287 - -291. Suppose 0 = -0*p - 4*p - 5*k + 3, 2*p - 8 = 4*k. Let v be (2 - p) + 1*2. What is the highest common divisor of v and l?
2
Let p be 222/(-11) - (-8)/44. Let h = p - -20. Let z(k) = k**3 + 2*k**2 - k + 4. Let c be z(h). What is the greatest common factor of 1 and c?
1
Suppose 0 = -58*q + 25*q + 11715. Calculate the highest common factor of 284 and q.
71
Suppose -4*u - 180 = -5*v, -29*v = -28*v - 2*u - 42. What is the greatest common factor of v and 112?
16
Let p = -927 - -2742. What is the greatest common factor of p and 15?
15
Let s be (2 + (-33)/6)*-2. Let i be 2732/(-14) + 1/s. Let j be (-26)/i - (-343)/15. What is the greatest common factor of j and 46?
23
Suppose 0*t + 580 = 4*t. Let r = -98 - -127. Calculate the highest common factor of t and r.
29
Let y = 44 - 24. Suppose 4*z + z = y. Calculate the highest common divisor of z and 4.
4
Suppose 2*h - 28 = 14. Let k = -357 - -420. Calculate the highest common divisor of h and k.
21
Let u(i) = i**3 - 31*i**2 + 28*i + 57. Let v be u(30). Let q be 1 - (-168)/16*(-1 - v). Calculate the highest common factor of 2 and q.
2
Let m be (2 + 3/15)*5. Let r = -42 + 116. Let j be r/7 - 6/(-14). Calculate the highest common divisor of m and j.
11
Let d be (0 - 18/2)*4/(-6). Suppose -2*s + 2*x = -0*s - 112, -5*x = 10. Calculate the greatest common factor of d and s.
6
Let m be (-4)/(-16) - (7476/(-16))/7. Let z = m - 52. Calculate the highest common factor of z and 15.
15
Suppose 13*p - 4250 = 7255. Calculate the highest common factor of 30 and p.
15
Let f = -2767 + 2893. What is the greatest common divisor of f and 14?
14
Let b = -23 - -25. Suppose -3*f = b*f - 625. Suppose f = 6*q - q. Calculate the highest common divisor of q and 200.
25
Let n be (3 + ((-8)/28 - 3))*-91. What is the highest common factor of 26 and n?
26
Let k be (-4)/(-6) - (2 - (-532)/(-12)). Let h = 80 - k. Calculate the greatest common factor of h and 185.
37
Suppose -475*b + 479*b - 352 = 0. What is the greatest common factor of 32 and b?
8
Let l(q) = -15*q**3 - q**2 + 2*q + 2. Suppose 0 = 5*j - 4*b + 13 + 8, -4*b + 16 = 0. Let y be l(j). Calculate the greatest common factor of y and 14.
14
Suppose -3*u = -6*u + 12, -32 = -5*c - 3*u. Suppose -c*m = -10*m + 54. Calculate the highest common divisor of 36 and m.
9
Let g = -414 - -585. Calculate the highest common factor of 19 and g.
19
Suppose -5*n + 42 = -3*q - 45, 5*n + q - 91 = 0. Suppose -5*k - 21 = 2*z - 3*z, -2*k = 5*z - 24. Calculate the highest common factor of z and n.
6
Let u be -5 - ((-865)/(-5) + -3)*-1. Calculate the greatest common factor of 99 and u.
33
Suppose 0 = 8*i + i + 9. Let c be 6/15*(-1 + -19)*i. What is the greatest common factor of 40 and c?
8
Let a = 15 - 9. Let g(l) = -l**3 + l**2 - 7*l + 5. Let y be g(a). Let h be 2/11 + y/(-77). What is the highest common divisor of 12 and h?
3
Let t(f) = 3*f**2. Let z be t(3). Let l = z + -17. What is the highest common factor of l and 90?
10
Suppose 0 = 2*m + 3*m. Suppose 4*c - c = q, m = 2*q. Suppose 0*a + 5*a = -4*t + 113, 4*a - 20 = c. What is the greatest common factor of 11 and t?
11
Suppose -3*d - 2 = -50. Let a be (-2)/10 + (3 - 918/(-15)). What is the greatest common factor of d and a?
16
Suppose 86 = -15*x + 2201. What is the greatest common factor of x and 15?
3
Let j be ((-24)/28)/(9/(-21)) - -1802. Calculate the greatest common divisor of 44 and j.
44
Suppose -14 = 3*p - 44. Let h(m) = 12*m**3 - 2*m**2 + 21*m**3 - 5 - 6*m - 32*m**3. Let b be h(5). Calculate the highest common divisor of b and p.
10
Let u be (-1)/4 + (-1260)/(-48). Calculate the greatest common factor of 1092 and u.
26
Let y = 0 + 0. Let n = 8 - 3. Suppose y*o = n*o - 120. Calculate the highest common divisor of 6 and o.
6
Suppose 0 = -98*w + 157*w - 76*w + 1785. Suppose 0 = 2*u - 84. What is the highest common factor of w and u?
21
Let x(l) = 5*l**2 - 10*l. Let a be x(6). Calculate the highest common divisor of a and 90.
30
Let d(q) = 3*q**2 + 13*q + 144. Let j be d(-14). What is the greatest common divisor of 100 and j?
50
Suppose 3*h - 2*j = 16, -3*h - h + 2*j = -20. Suppose 0 = -5*g + q + 39, -2*q = h*g - 23 + 3. Calculate the greatest common factor of 35 and g.
7
Let z be 604*4/16 - (3 - 1). Let n = 67 + -39. Suppose -2*w = 2*x - 34 - n, -5*x = -w - z. What is the highest common divisor of 12 and x?
6
Let c be (-27)/(-12)*(-13156)/(-33). What is the greatest common factor of 39 and c?
39
Let n = -81 - -123. Let r(g) = 4*g - 28. Let w be r(15). Let u be (-3)/12 - (-456)/w. What is the highest common divisor of u and n?
14
Suppose 8*v = 9*v -